 n a composite number?
True
Suppose -85*r = -55*r - 4324170. Is r a composite number?
False
Let d(f) = f**2 - f - 2. Let q be d(3). Let x(v) = 121*v + 2787. Let r be x(-23). Suppose s + r*n = 1167, -q*n = 1 - 17. Is s a composite number?
False
Let r(s) = -8*s + 65*s**3 + 2*s + 15*s + 28*s**3 + 3 - 10*s**3 - 6*s**2. Is r(6) prime?
False
Is ((-23)/(-552))/(1/3) + (-7767828)/(-96) a prime number?
False
Let b = 87383 + -6532. Is b a prime number?
False
Let a(k) = -k**2 - 16*k + 23. Let u be a(-17). Let w(g) = 378*g - 65. Is w(u) a prime number?
True
Suppose -3*u + 4*t = 110248 - 436991, 4*u - t - 435666 = 0. Is u composite?
False
Suppose -314*o - 32*o = -211963406. Is o a prime number?
True
Is ((-27 + 4)/(-23))/((-1)/(-247031)) a composite number?
False
Let a be (-3 - 2) + 35 + -2. Suppose -29*y + a*y = 0. Suppose 4*v - 204 - 3340 = y. Is v a composite number?
True
Suppose -4*x = 2*i + 41 - 15, 3*x = 2*i - 16. Let d(j) = -j**3 + 4*j**2 + j - 35. Is d(x) prime?
False
Let m be (-4 - 0)*(-32)/(-32) - -333. Suppose 0 = 3*q + 2*c - 466, -q + 48 = 5*c - 90. Let s = q + m. Is s composite?
False
Suppose 0 = 2*h - h - 28. Let g = h + -27. Is (-338 + 1)/((-1 - g) + 1) a composite number?
False
Let a be (0 - -4) + -6 + -11 + 124. Suppose 4*v + 3*f = -223, 0 = -2*v - 2*f + 6*f - 128. Let p = v + a. Is p composite?
False
Suppose 2*f - 3*d - 78 = -11, f - 21 = -d. Is (f/(-7) - (-12)/(-42)) + 525 composite?
False
Suppose f - 873013 = -3*w, -36*f = -33*f + 24. Is w a prime number?
True
Let b be (20/25)/(3/15*-2). Let i be (b + 1)*-3 - (-3)/(-3). Suppose 3*a - 1970 = -2*v, -5*v + 0*a + 4887 = -i*a. Is v composite?
True
Let p be (((-3)/(-6))/(-1))/(14/(-387548)). Suppose -3*u + 4181 + 4132 = 4*y, -5*u = 2*y - p. Is u a prime number?
True
Let a(g) = -31*g**2 - 5*g - 9. Let h(p) = 15*p**2 + 3*p + 4. Let z(v) = -3*a(v) - 5*h(v). Is z(7) a prime number?
False
Suppose 139*d - 17210347 = 469758. Is d a prime number?
False
Let y(l) = 5073*l + 1289. Is y(16) prime?
True
Let g(t) = -2171*t - 73. Let m be g(-21). Suppose -m - 9666 = -8*d. Is d composite?
True
Suppose 3*g = -6*f + 4*f + 25, -5*f + g + 20 = 0. Suppose 5*z = f*y - 5460, 1676 = 2*y - 3*z - 506. Is y composite?
True
Suppose 40*h - 42*h + 90586 = -4*t, -45275 = -h - t. Is h prime?
True
Is (109 + -110)/((-3)/(-91349)*(-2)/6) a composite number?
True
Let y = -2958 + 4537. Suppose x - y = -64. Suppose 8*m = 3*m + x. Is m composite?
True
Suppose -55*h + 4567813 = 1822818. Is h a composite number?
True
Suppose -4*i - q + 0*q = -0*q - 1103524, 0 = -4*q. Is i prime?
True
Suppose 0*m - 4*q + 2275125 = 5*m, 0 = -m + 2*q + 455011. Is m a prime number?
False
Let t = -37 - -38. Let x be 110/20*(t + 69). Suppose 21 + x = 7*i. Is i composite?
True
Let d(g) = -g**2 + 16*g + 3. Let h be d(16). Suppose -4*j = 16, 13 = -h*o + 2*j - 0*j. Is (-1)/(-1) - o/((-14)/(-1322)) a composite number?
True
Let k(d) = 2*d**2 + d + 23. Let y be k(15). Let t = y - 51. Is t prime?
False
Suppose 4*u + 2*b - 35 = -7, -13 = -u + b. Let w(d) = 87*d - 2. Is w(u) a composite number?
True
Is (-1750902)/(-8) + 3 + 2 + 19/(-4) prime?
False
Suppose 0 = -37*i + 35115283 + 19962066. Is i a composite number?
False
Suppose 0*i = -8*i - 24. Let o be ((-12)/42)/(i/21). Suppose -m + 5*m - 5*t = 1751, 0 = -o*m + 2*t + 876. Is m composite?
False
Let u = 1 + 0. Suppose 20*r - 1163 - 20797 = 0. Is (u + r/10)*60/24 a prime number?
True
Suppose 0*v = 2*v - 54. Let a(r) = -r**2 + 5*r + 55. Let w be a(-3). Suppose -w*h + v*h = -220. Is h composite?
True
Let o = 30 - -11. Is 2904 + 1 - 82/o a prime number?
True
Suppose 18*x - 3*n = 16*x + 162949, -244422 = -3*x + 5*n. Is x a composite number?
True
Let k(i) = 4574*i**3 + 2*i - 7. Let m be ((-3)/9)/((-12)/72). Is k(m) a composite number?
True
Let t = 5310 + -3060. Suppose -93*r + 2761 = -2354. Suppose t = 3*l - g, -2*l + 5*g + 1458 + r = 0. Is l a composite number?
True
Let r = 1056 + -573. Suppose -v = -m - r, 2*m - 2 - 2 = 0. Is v prime?
False
Let t(f) = 28*f - 5. Let h be (250/6)/5*3. Suppose 4*x + 15 = 5*s, s - 6*s + 2*x = -h. Is t(s) composite?
False
Suppose 4*y - 21 = y. Suppose -17 = -y*q - 3. Suppose 5*f = -r + 2*r + 6532, 3*f - 3922 = q*r. Is f composite?
True
Let p = -2425 - -71982. Is p a prime number?
True
Let m = 29501 - 5064. Is m a composite number?
True
Suppose h + 5*o - 5 = 0, -3*h = 3*o - 2*o - 85. Let t be 6*h/(-12)*8/(-30). Suppose t*p - 7*p + 57 = 0. Is p composite?
False
Suppose -23*c + 24*c - 1597989 = -3*b, -5*b - 2*c = -2663315. Is b composite?
False
Suppose -86*w - 16*w + 23*w + 7057939 = 0. Is w prime?
False
Is (-1)/(-4 + 49/14)*4237143/6 composite?
False
Suppose 7785 = 102*m - 7522 - 605. Let l be (1/(-2))/((-1)/2). Let n = l + m. Is n a prime number?
True
Let i = 154227 + -57148. Is i a composite number?
True
Let t(j) be the third derivative of j**6/120 - j**5/10 - j**4/24 + 5*j**3/6 + 4*j**2. Let i be t(6). Is (i/(-2))/((-7)/(-3598)) a prime number?
True
Suppose y + 3*r + 1828 = 0, y - 4*r + 793 + 1049 = 0. Let w = -983 - y. Is w composite?
True
Suppose -8*c = -4*y - 13*c + 23, -4*y + 4*c = 4. Suppose 3*m = 3*i - 4680, 0 = 4*i + y*m - 5261 - 985. Is i a prime number?
False
Let i(q) be the first derivative of 2*q**3/3 + 15*q**2/2 - 12*q + 7. Let o be 1*((9 - 4) + 2). Is i(o) composite?
False
Is ((-23257)/((-12)/(-2) - 5))/(-1) a prime number?
False
Let b(l) = 110*l**2 + 7*l - 7. Let i(d) = -220*d**2 - 14*d + 13. Let j(r) = -9*b(r) - 4*i(r). Let p(u) be the first derivative of j(u). Is p(-3) prime?
True
Let j(m) = 10*m**3 + 3*m**2 - 2*m - 5. Let o be j(-3). Let a = o + -951. Let c = -447 - a. Is c a composite number?
True
Is -20 + 12 - (2226 + -7)*-6 a composite number?
True
Let g(x) = -21*x + 105. Let k be g(4). Let q(l) = 2*l**2 + 29*l - 14. Is q(k) a composite number?
True
Let j = -71048 + 123220. Suppose -13*y + 131446 = j. Is y composite?
True
Is ((-27)/(-63))/((-105)/(-7692265)) a prime number?
True
Suppose 6*c - 1 = 23. Suppose 4*r = c*d + 2808, 0*r - 704 = -r + 3*d. Is r composite?
False
Let r(a) = -104874*a - 9015. Is r(-21) a prime number?
False
Is (12/(-30))/((-26)/9999665) a prime number?
True
Suppose 0 = -2*c + 4*j - 18, 3*c = 2*j + 1 - 8. Is c/((-18)/(-56532))*12/8 a prime number?
False
Let o(t) = -11*t - 5. Let v be o(-4). Suppose v*w - 101991 - 130644 = 0. Is w a prime number?
False
Suppose 6*j - 5*j - 491 = 416. Is j a prime number?
True
Is (-12)/27 + 15355270/63 a prime number?
False
Let r = 314 + -300. Suppose 4*u + 11*p - 21443 = r*p, -3*u = -4*p - 16091. Is u composite?
True
Let z = -485 + 7500. Let c be 3*1 + z + -19. Is (7 - 8)/(((-9)/c)/3) prime?
True
Suppose -7*k + 908 = -191. Suppose -4*d + 5*m + 594 = -k, 5*m = -2*d + 413. Is d a composite number?
True
Let r = 18 - 18. Suppose 4*c - 2254 = -r*w + 2*w, w - 562 = -c. Is c a prime number?
True
Let h(b) = 63*b**2 + 4*b - 6. Let r be h(-4). Suppose a - 1593 = r. Is a a composite number?
False
Suppose 27*t + 15393 = 20*t. Let j = 14832 + t. Is j prime?
False
Suppose 118*m - 15 = 113*m. Suppose -14543 = -4*v - 5*n, -m*v - n + 10910 = -0*v. Is v a prime number?
True
Suppose 27 = -5*g + 167. Suppose 0*n + 2*l + 12 = n, -3*n = -2*l - g. Is (-1413)/(-4) + n/(-32) composite?
False
Suppose 12 = -9*r + 15*r. Let a be (-7 - -5)/(r/144). Let b = 187 - a. Is b a composite number?
False
Let c(o) = o**2 - 5*o + 2. Let w be c(5). Suppose -27 = -w*i - 19. Suppose 5*l = i*y - 639, -2*y - 2*l + 324 = -0*y. Is y a prime number?
False
Suppose 13*f - 19*f + 12 = 0. Suppose f*b - 120 = -4*b. Suppose -26792 = -b*o + 12*o. Is o composite?
True
Suppose 14358 = 6*q - 4668. Suppose 11*p = 6*p - 4*k + q, -634 = -p - k. Is p a prime number?
False
Suppose -4*t = -5*h - 647618, 18*h - 485649 = -3*t + 11*h. Is t composite?
True
Let l(f) = f**3 + 9*f**2 + 5*f - 31. Let y be l(-8). Let k = y - -7. Suppose k = 27*h - 30*h + 66. Is h composite?
True
Suppose 4*h = 23*h - 43662. Suppose -5*v - 2260 = -5*u, -4*u - 432 = 2*v - v. Let y = h - v. Is y prime?
False
Let c = -10 + 12. Let p be (-7 + (2 - c))/(-1). Suppose -p*l + 19001 = -2132. Is l a prime number?
True
Let i be (-11 - -7)/(3/51). Is ((-422)/(-8))/(i/(-32) - 2) prime?
False
Let a(f) = 162*f**2 + 3*f + 20. Let g be a(-4). Let z = g + -406. Is z prime?
False
Let v(s) = -1530*s + 1259. Is v(-7) a prime 